Is 22244191 a composite number?
False
Is 394678745 composite?
True
Is 8057809 a prime number?
True
Is 715954 a composite number?
True
Is 288931667 prime?
False
Is 5741921 a composite number?
True
Is 77006129 prime?
True
Is 30546379 a prime number?
True
Is 3397243 composite?
False
Is 6720611 a composite number?
True
Is 125879267 a prime number?
True
Is 41111753 prime?
True
Is 112387013 composite?
True
Is 7162169 a composite number?
True
Is 85834997 composite?
True
Is 413456026 a prime number?
False
Is 286417847 a composite number?
False
Is 47764751 composite?
True
Is 59201 a composite number?
True
Is 14130697 a prime number?
False
Is 3258401 a composite number?
True
Is 25778 a composite number?
True
Is 9824183 composite?
False
Is 1582313 a composite number?
True
Is 2763751 prime?
True
Is 10191089 a prime number?
False
Is 138743207 prime?
True
Is 1871867 prime?
False
Is 398441531 composite?
False
Is 21989491 prime?
True
Is 6766507 composite?
True
Is 79140689 a composite number?
False
Is 131850947 composite?
False
Is 2000939 composite?
False
Is 108510278 prime?
False
Is 107984003 a prime number?
True
Is 7812109 prime?
True
Is 313494641 prime?
True
Is 386809 a composite number?
False
Is 43542409 a prime number?
True
Is 26254357 a prime number?
True
Is 6606433 a composite number?
True
Is 41992113 prime?
False
Is 158542913 prime?
False
Is 38966167 composite?
False
Is 21712802 prime?
False
Is 693202 a composite number?
True
Is 4029959 prime?
True
Is 3015385 a prime number?
False
Is 248371 composite?
False
Is 7790561 a prime number?
False
Is 1435997 a composite number?
False
Is 433448237 a composite number?
False
Is 18459937 a prime number?
True
Is 35215577 a composite number?
False
Is 9695467 a composite number?
True
Is 55039147 prime?
True
Is 11974217 a prime number?
True
Is 31698259 composite?
True
Is 268321 prime?
False
Is 87700451 prime?
False
Is 5969221 prime?
True
Is 1137077 a prime number?
False
Is 81872237 a prime number?
True
Is 8430943 prime?
False
Is 4048951 composite?
True
Is 78664471 a composite number?
False
Is 690757 a composite number?
False
Is 32718207 composite?
True
Is 27745019 a prime number?
False
Is 193538207 a prime number?
True
Is 27399001 a prime number?
False
Is 18081593 a prime number?
True
Is 37029397 composite?
False
Is 140867521 a prime number?
True
Is 6197357 a prime number?
False
Is 8024507 a composite number?
True
Is 27492703 a prime number?
False
Is 31947731 composite?
False
Is 531637969 a prime number?
True
Is 18458731 a composite number?
True
Is 109512289 prime?
True
Is 2214599 a prime number?
True
Is 23065831 composite?
True
Is 31261201 a prime number?
False
Is 2789273 a composite number?
False
Is 9319307 a prime number?
True
Is 1075069 prime?
True
Is 677776597 prime?
True
Is 1151749 a composite number?
True
Is 353636857 prime?
False
Is 3217915 a composite number?
True
Is 12647779 prime?
False
Is 19361563 a prime number?
False
Is 52910729 prime?
False
Is 10025701 prime?
False
Is 147067679 prime?
False
Is 14630011 a composite number?
True
Is 550709191 a prime number?
False
Is 3767669 a prime number?
False
Is 1523063 prime?
True
Is 11311097 composite?
True
Is 114598427 a composite number?
True
Is 7001213 prime?
True
Is 35539289 prime?
True
Is 3439885 a composite number?
True
Is 758633281 a composite number?
True
Is 3323197 a composite number?
True
Is 28484481 a composite number?
True
Is 14687329 a composite number?
False
Is 1047359 a composite number?
True
Is 391619 a composite number?
False
Is 104047969 a prime number?
False
Is 70897342 prime?
False
Is 860608009 composite?
False
Is 39145309 prime?
False
Is 256441 prime?
True
Is 4496393 composite?
True
Is 114811418 prime?
False
Is 24945799 a composite number?
False
Is 5013527 prime?
True
Is 7154351 composite?
True
Is 69416639 a prime number?
False
Is 820957271 prime?
False
Is 63507 a composite number?
True
Is 2835037 a composite number?
False
Is 1081693 a composite number?
True
Is 8693401 prime?
True
Is 26447191 composite?
False
Is 521209907 a composite number?
False
Is 20729755 composite?
True
Is 85081 a composite number?
False
Is 25410327 a composite number?
True
Is 611521 prime?
False
Is 674539 a composite number?
True
Is 12031329 composite?
True
Is 13237729 composite?
True
Is 5771179 composite?
True
Is 208553 composite?
False
Is 297364857 composite?
True
Is 4352399 a prime number?
True
Is 766903 prime?
False
Is 92419817 a prime number?
False
Is 1444181 a composite number?
False
Is 89860871 prime?
False
Is 46066733 a composite number?
False
Is 1743701 a composite number?
False
Is 1268543 prime?
False
Is 73094617 a composite number?
False
Is 3536681 a prime number?
True
Is 1069217 a prime number?
True
Is 3899129 composite?
True
Is 33121999 composite?
True
Is 516599 a prime number?
True
Is 19923067 a prime number?
True
Is 754399 a composite number?
False
Is 12670667 a composite number?
False
Is 35377189 composite?
False
Is 100530281 a composite number?
True
Is 1096903 prime?
False
Is 22823513 a composite number?
False
Is 973711 composite?
True
Is 91180757 composite?
False
Is 66397867 a prime number?
False
Is 199672943 prime?
True
Is 2194931 prime?
True
Is 7494709 a prime number?
False
Is 46575187 prime?
True
Is 22852187 composite?
False
Is 25901327 composite?
False
Is 134831941 a prime number?
True
Is 599947343 a prime number?
False
Is 1007737 prime?
False
Is 20006209 a composite number?
False
Is 4677 a prime number?
False
Is 47693785 a composite number?
True
Is 46203287 a prime number?
False
Is 12470873 prime?
False
Is 38788369 composite?
False
Is 148098367 a prime number?
True
Is 54689951 a prime number?
False
Is 96567721 a prime number?
True
Is 211688107 composite?
True
Is 597541847 a prime number?
False
Is 1956713 composite?
True
Is 1435661 a prime number?
False
Is 1610149246 a prime number?
False
Is 96120041 a prime number?
False
Is 4012829 a composite number?
False
Is 512545701 a composite number?
True
Is 351449 a prime number?
False
Is 10656691 a composite number?
True
Is 4060939 a composite number?
True
Is 35395859 a prime number?
True
Is 1977953 a prime number?
True
Is 4913999 a composite number?
False
Is 5149329 composite?
True
Is 10152367 composite?
False
Is 33033862 composite?
True
Is 3938653 a composite number?
False
Is 1761913 a composite number?
True
Is 2932229 prime?
False
Is 5674327 a composite number?
True
Is 7298689 composite?
True
Is 160871411 a prime number?
False
Is 5604799 a composite number?
False
Is 2894627 prime?
True
Is 365836607 a prime number?
True
Is 8167307 prime?
True
Is 20470721 a prime number?
True
Is 38359471 a composite number?
False
Is 54676961 composite?
False
Is 64957247 prime?
True
Is 1204205215 a prime number?
False
Is 265695877 composite?
True
Is 10282751 composite?
False
Is 6997789 a composite number?
False
Is 249073651 a composite number?
False
Is 74245207 a composite number?
False
Is 1572997 prime?
True
Is 79331599 a prime number?
False
Is 100321 composite?
True
Is 6080201 a prime number?
True
Is 40018093 a composite number?
False
Is 8923081 composite?
True
Is 385168747 a composite number?
True
Is 179811365 a prime number?
False
Is 1180997 prime?
True
Is 61596799 composite?
True
Is 43680623 a composite number?
True
Is 740746 a prime number?
False
Is 254071 a prime number?
True
Is 7178761 a composite number?
True
Is 307927559 a prime number?
True
Is 40813 a prime number?
True
Is 34145889 a composite number?
True
Is 167741759 a composite number?
False
Is 6713597 a composite number?
True
Is 28705317 a prime number?
False
Is 11417111 a composite number?
False
Is 30227663 composite?
False
Is 47850629 a prime number?
True
Is 39221011 prime?
True
Is 3274823 a composite number?
False
Is 138863 a composite number?
False
Is 6822905 a prime number?
False
Is 17952149 prime?
True
Is 10270861 a composite number?
False
Is 167341697 composite?
False
Is 23704501 composite?
False
Is 209961113 composite?
False
Is 98893673 prime?
True
Is 13366103 a composite number?
True
Is 3826891 a composite number?
True
Is 54726197 composite?
True
Is 48176179 a prime number?
True
Is 14647361 a prime number?
True
Is 66167 composite?
True
Is 533688271 composite?
False
Is 15786643 prime?
False
Is 133795 a prime number?
False
Is 177541093 a prime number